 be d(12). Is 7*u/(2 - 0) a composite number?
False
Let v = -3 + 0. Let h = 5 + v. Suppose j + h*j - 141 = 0. Is j prime?
True
Let s(a) = 2*a**2 - 24*a + 9. Is s(17) prime?
True
Let o(u) = u**3 - 7*u**2 - 26*u - 11. Is o(17) composite?
False
Suppose 3*m - 312 = -5*v, -v - 208 = m - 3*m. Let s = m + -74. Suppose -5*b = -w + s, -4*w + b - 3*b + 98 = 0. Is w prime?
False
Let n = 5 + -9. Is 94/n*(-5 + 3) composite?
False
Let c(f) = 15*f**2 + 8. Is c(7) composite?
False
Suppose 4*z - 31 = 25. Is z composite?
True
Is (-3)/(-6 - -3) - -525 prime?
False
Is (0/(-2 + 3))/(-1) - -541 a composite number?
False
Is 10192/65 + 1/5 prime?
True
Let w(o) = 370*o + 36. Is w(17) prime?
False
Let a = 949 + -84. Is a composite?
True
Let h(i) = i**3 - 3*i**2 + 2*i - 3. Let x be h(2). Let n = 2 + x. Is (2 - 4) + (n - -6) a composite number?
False
Let o(s) = -8*s**3 - 3*s**2 + 3*s - 15. Is o(-5) a composite number?
True
Let u(n) = -n**2 + 2*n + 1. Let h be u(2). Suppose -349 = -4*d - h. Is d prime?
False
Let x = 166 + -111. Is x prime?
False
Suppose -9 = -3*l + 3. Suppose -l*h + h = -261. Is h composite?
True
Let g(z) = 4*z**2 - 3*z + 2. Let t be g(1). Is 639/(-6)*(-14)/t a prime number?
False
Let o(b) = -184*b + 35. Is o(-8) a composite number?
True
Let g(i) = -6*i**2 + 3*i - 2. Suppose 4*c + 8 = -w, -7*w + 2*w = 2*c - 14. Let v be g(w). Let f = -43 - v. Is f a prime number?
True
Suppose a + 5 = 1. Let r(b) = -b**2 - 4*b - 1. Let j be r(a). Is (j/3)/(2/(-42)) a composite number?
False
Suppose -2*t = -4*t + 8. Suppose 2*k + 1 - 3 = -h, -t = 3*k - 2*h. Suppose -4*x + 152 + 52 = k. Is x a prime number?
False
Suppose -4*f + 88 = -108. Is f a prime number?
False
Let o(k) = 34*k + 3. Is o(11) prime?
False
Let g(n) = n**2 + 2*n - 2. Let w(y) = 20*y**2 - 21*y + 4. Let r(a) = -7*a**2 + 7*a - 1. Let q(i) = -17*r(i) - 6*w(i). Let b be q(5). Is g(b) a composite number?
False
Suppose 7*c = -17*c + 42648. Is c composite?
False
Suppose -s - 10*q = -7*q + 17, -4*q = s + 21. Let m(r) = 4*r**3 + 7*r**2 - r - 5. Let a(x) = -x**3 - x. Let b(i) = -2*a(i) - m(i). Is b(s) a composite number?
True
Let o be 1 + (1 + 380)/3. Let f be 3 + (-4 - -1)/1. Suppose f = -2*b + 3*c + o, -4*c - 126 = 4*b - 402. Is b a composite number?
False
Let g = 5 + -5. Suppose 3*q + 0*d - 24 = -3*d, -2*q + 4*d + 4 = g. Suppose -3*j + 9 = 0, -j + 38 = i - q*j. Is i a prime number?
True
Suppose 0 = p + g + 5, -3*p = -g - 2 - 3. Suppose -2*j + 4*w + 16 = p, 6*w - w = 3*j - 21. Let i = 45 + j. Is i composite?
False
Let w(h) = -h**3 - 6*h**2 - 4*h + 3. Suppose 0 = -0*i + 3*i + 24. Is w(i) composite?
False
Let l(v) = -3*v - 5. Let n be l(-5). Let y be (16/n)/((-8)/(-20)). Suppose -5*a + y*a = -22. Is a a composite number?
True
Let o(g) = g**3 - 14*g**2 + 13*g - 7. Let c(x) = -x**3 + 13*x**2 - 13*x + 8. Let l be (-1 + 0)/((-2)/6). Let p(w) = l*o(w) + 4*c(w). Is p(8) composite?
True
Suppose 6 = -2*t + o - 3*o, -15 = 3*t + 5*o. Suppose 0 = 2*h - 4*k + 16, -k + t - 1 = 2*h. Is (-297)/(-12) + h/(-8) a composite number?
True
Suppose 2*n - 19 = -3*k, 2*n + 3*k - 22 = -k. Suppose -2*t + m = -219, n*m + 70 + 26 = t. Suppose -4*d - 4*w + 2*w = -202, -w = -2*d + t. Is d composite?
False
Suppose 401 = -4*y - 5*h, y + 44 = h - 54. Let j = -14 - y. Is j composite?
True
Let p = 11 - 14. Is 215 + (0/(-2))/p prime?
False
Is (9 - (-1 - -4)) + -4 + 199 a prime number?
False
Let w(s) = 354*s**3 + s**2 - 8*s + 13. Is w(2) prime?
True
Let n(w) = -w**2 + 17*w + 5. Let f be 1/((-4)/(-18))*2. Is n(f) a prime number?
False
Let r(l) = -3*l**3 - 6*l**2 - 3*l + 1. Let b be r(-5). Suppose -j - 44 = -5*c - b, -4*j - 5*c + 688 = 0. Suppose 22 = -5*u + j. Is u composite?
False
Suppose 5*c + 1 = 6. Let t be (-2 + 4)/c + 0. Suppose -3 = 5*i - 3*b - 263, -5*b = -t*i + 123. Is i a prime number?
False
Let f be -3 + (-2)/4*-1378. Suppose 0 = -5*r + f + 329. Suppose -r - 72 = -5*y. Is y a prime number?
False
Let x(p) be the first derivative of 21*p**2/2 - 11*p - 6. Is x(8) prime?
True
Suppose -f = 3*f - 788. Let t be ((-1)/(-3))/(6/54). Suppose -232 - f = -t*p. Is p a composite number?
True
Suppose -1 - 1 = -2*f. Let g(a) = 77*a. Is g(f) prime?
False
Is -2 + 16/(-4) + 2059 prime?
True
Let o(z) = -40*z - 11. Is o(-12) composite?
True
Is (1090 - (-2 - -2)) + (-2 - 1) a prime number?
True
Is -1*(2 - 3)*226 prime?
False
Suppose n + 20 = -5*s, -3*n - 17 = 5*s + 3. Suppose 0 = j - 5*g - 69, n = -3*j + 5*j - g - 147. Is j prime?
False
Suppose -3*h - 4043 = -5*g - h, -2*g - 3*h = -1621. Is g a prime number?
True
Let i(l) = 2 - 3*l + 0 - 1 + l**2 - 9. Suppose -2*d + 4*d - 2*z - 12 = 0, 2*z = 0. Is i(d) a prime number?
False
Let f(j) = 981*j**2 - 5*j + 1. Is f(1) prime?
True
Is (24/20)/(10/1175) prime?
False
Let n(z) = 2*z**2 + 6*z + 7. Let s(l) = l**3 + 10*l**2 + 10*l + 3. Let r be s(-9). Is n(r) prime?
True
Is (-1)/6 + 17605/42 a prime number?
True
Let m = -2 - -7. Suppose m*v + 46 - 241 = 0. Is v prime?
False
Let b(y) = 310*y**2 + 2*y + 1. Let r(d) = d - 3. Let p be r(2). Let h be b(p). Let m = h + -186. Is m composite?
True
Let b(s) = 4*s**2 + 15. Is b(6) prime?
False
Let l = -282 - -539. Is l a prime number?
True
Let g(i) = i**2 - 5*i - 1. Let f be g(3). Let n(u) be the second derivative of u**4/12 + 7*u**3/6 + 7*u**2/2 - 4*u. Is n(f) composite?
False
Let o(r) = 56*r**2 + 1. Let f be o(1). Let a = 206 - f. Is a a prime number?
True
Let n = 81 + -22. Is n composite?
False
Let x = -6 + 8. Let q be (16/10)/(x/115). Suppose q + 63 = 5*j. Is j a prime number?
True
Let a(k) = 61*k**2 - 9*k - 13. Is a(-6) prime?
True
Suppose 5*n = -2*x - 2*x + 3727, 3*n - 4*x = 2217. Is n prime?
True
Let i = 3 + 2. Let j = -1 + 1. Is i - (j + 1 - 0) a prime number?
False
Let y = 193 + 13. Suppose -i + n + y = 0, 5*n - n - 639 = -3*i. Is i composite?
True
Suppose -4*d - o + 191 - 35 = 0, -3*d + 106 = -2*o. Let x = d - -20. Is 2/(-9) + x/18 prime?
True
Is 8/32 + (-1262)/(-8) composite?
True
Let n(o) = -2*o**3 + 5*o**2 + 3*o + 3. Let j be -3 - (-3 + 3/1). Is n(j) prime?
False
Suppose 3*i - 2 = 16. Is (-1 + 0)*(-32 + i) a composite number?
True
Let p(b) = -b**2 + 2*b**3 - 2 + b**2 - 3*b - 4*b**2 + 6*b. Let z be p(4). Is (z/6)/(4/12) composite?
False
Let h = 1558 - 885. Is h prime?
True
Suppose -2*x = x + 222. Let w = -24 + 12. Is -2*(-3)/(w/x) a prime number?
True
Suppose 0 = -5*b + 4 + 1. Let f be b - 0 - (-3 + 0). Suppose -23 = -f*q + 33. Is q a prime number?
False
Let t be -1 - (1 + -4) - 2. Suppose t*s + 88 = 4*s. Suppose 0 = -2*p + s + 20. Is p prime?
False
Let w = -1310 - -562. Let i = w + 1163. Is i a prime number?
False
Let s(z) = 164*z - 2. Let m be s(7). Suppose -3*h - 114 + m = 0. Suppose v + 57 = h. Is v prime?
False
Let s = -2 + 2. Suppose 3*l + 2*l - 20 = 0, 4*x - l = s. Is ((-1)/3)/(x/(-201)) prime?
True
Let a = 44 - 62. Is 133/9 + (-4)/a a prime number?
False
Is ((-6531)/9)/(2/(-6)) - 0 a composite number?
True
Suppose 0*t - t = 4*w - 246, -3*t - 5*w = -773. Let o = t - 189. Is o a prime number?
False
Is (-25)/(-10)*(-718)/(-5) composite?
False
Is (-1)/(-2) + (-2142)/(-12) prime?
True
Let v be (1189 - 15)*(1 + -2). Is v/(-2) - 0 - 0 composite?
False
Suppose 3*c - 40 = -13. Suppose 2*d + 3 = c. Suppose -2*y - 2*p = -72, -4*y - 2*p = -d*p - 129. Is y a composite number?
True
Suppose 3*h + 5*a - 265 = 0, 0*h - 4*h - 3*a = -368. Let l = -7 - -7. Suppose s = -l*s + h. Is s a prime number?
False
Let m = 8276 + -5503. Is m prime?
False
Let w be 1 + (2 - (1 - -24)). Let u = -15 - w. Is u prime?
True
Let l(n) = -n**3 - 7*n**2 + 8*n + 4. Let r be l(-8). Suppose -r*u + 0*u + 8 = 0. Is (-3 + u - 2) + 94 a composite number?
True
Let z be 1/(-2) - (-9)/(-18). Let w(p) = 1058*p**2 - 1. Is w(z) prime?
False
Suppose -4*v - v - 5*y + 70 = 0, 2*v - 5*y = 21. Is v composite?
False
Let w(h) = h**2 + 7*h - 3. Let c be w(-7). Let n(b) = -b**2 - 4*b. Let g be n(c). Suppose 0*s = 5*l + g*s - 229, 3*s + 6 = 0. Is l a prime number?
True
Let v(b) = -5*b**2 + 9*b + 5. Let j(x) = -3*x**2 - 1 - x**2 + 8*x + 6. Let f(z) = -4*j(z) + 3*v(z). Is f(9) prime?
True
Let j = 210 - 326. Let f = 75 + j. Let u = f - -72. Is u a prime number?
True
Let h = -248 + 143. Let a = h + 248. Is a prime?
False
Let z be (101/3)/((-7)/(-84)). Suppose 4*b + 361 + z = 3*d, 0 = 4*d - 3*b - 1027. Is d a composite number?
True
Le